{"id":243,"date":"2020-12-24T13:56:59","date_gmt":"2020-12-24T12:56:59","guid":{"rendered":"https:\/\/www.chanceforafricanyouth.org\/?page_id=243"},"modified":"2023-01-19T17:21:05","modified_gmt":"2023-01-19T16:21:05","slug":"impressum","status":"publish","type":"page","link":"https:\/\/www.chanceforafricanyouth.org\/fr\/impressum\/","title":{"rendered":"Mentions l\u00e9gales et Politique de Confidentialit\u00e9"},"content":{"rendered":"\n<p>Chance for African Youth e.V. (ChAYo)<\/p>\n\n\n\n<p>Stein\u00e4cker 11<\/p>\n\n\n\n<p>70619 Stuttgart<\/p>\n\n\n\n<p>0711 7846838<\/p>\n\n\n\n<p><a href=\"mailto:info@chanceforafricanyouth.org\" data-type=\"mailto\" data-id=\"mailto:info@chanceforafricanyouth.org\">info@chanceforafricanyouth.org<\/a><\/p>\n\n\n\n<p>L&#8217;association enregistr\u00e9e poursuit exclusivement et directement des buts non lucratifs au sens de la section &#8220;buts fiscalement privil\u00e9gi\u00e9s&#8221; de l&#8217;ordonnance fiscale (\u00a7\u00a751 et suivants AO).<\/p>\n\n\n\n<p>Tribunal d&#8217;enregistrement : Amtsgericht Stuttgart<\/p>\n\n\n\n<p>VR : 724283<\/p>\n\n\n\n<p>Conseil d&#8217;administration : chaque membre du conseil d&#8217;administration est individuellement autoris\u00e9 \u00e0 repr\u00e9senter l&#8217;association.<\/p>\n\n\n\n<p>Olatunde Sadiq &#8211; Pr\u00e9sident<\/p>\n\n\n\n<p>Helgard Ziegler &#8211; Tr\u00e9sori\u00e8re<\/p>\n\n\n\n<p>Susanne Haller-Sadiq &#8211; Secr\u00e9taire<\/p>\n\n\n\n<p><\/p>\n\n\n\n<p><\/p>\n\n\n\n<p><strong>Politique de Confidentialit\u00e9<\/strong><\/p>\n\n\n\n<p>Nous souhaitons vous informer de la mani\u00e8re dont nous prot\u00e9geons vos donn\u00e9es lorsque vous visitez le site chanceforafricanyouth.org&#8221;. Dans la mesure o\u00f9 il est fait r\u00e9f\u00e9rence au GDPR, ces droits ne s&#8217;appliquent que pour la p\u00e9riode du 24.05.2018<\/p>\n\n\n\n<p>LORSQUE VOUS ACC\u00c9DEZ AU SITE WEB :<\/p>\n\n\n\n<p><a href=\"http:\/\/www.chanceforafricanyouth.org\" data-type=\"URL\" data-id=\"www.chanceforafricanyouth.org\">www.chanceforafricanyouth.org<\/a><\/p>\n\n\n\n<p>Les donn\u00e9es sont trait\u00e9es dans le but de pouvoir vous pr\u00e9senter le contenu du site web. Le traitement des donn\u00e9es concern\u00e9es est licite car il est n\u00e9cessaire aux fins d&#8217;int\u00e9r\u00eats l\u00e9gitimes conform\u00e9ment \u00e0 l&#8217;art. 6 para. f GDPR et requis afin de prendre des mesures \u00e0 votre demande avant de conclure un contrat conform\u00e9ment \u00e0 l&#8217;art. 6 para. b GDPR. Le traitement des donn\u00e9es r\u00e9pond aux exigences de l&#8217;art. 6 para. f GDPR en raison du fait que des tiers doivent \u00eatre impliqu\u00e9s dans la transmission des donn\u00e9es via le site Web (fournisseurs de services Internet), par t\u00e9l\u00e9phone (fournisseur de services t\u00e9l\u00e9phoniques), par courriel (fournisseurs de services Internet pendant le transit du courriel et fournisseurs de comptes de messagerie) et par lettre (entreprises postales). Sans l&#8217;intervention de tiers, il n&#8217;est pas possible de pr\u00e9senter le contenu dans votre navigateur Internet. L&#8217;intervention de tiers est limit\u00e9e \u00e0 ceux qui sont directement impliqu\u00e9s dans le processus de communication. Vous disposez d&#8217;un droit d&#8217;acc\u00e8s, de rectification, de suppression, de restriction et de portabilit\u00e9 des donn\u00e9es. Vous avez le droit de d\u00e9poser une plainte aupr\u00e8s d&#8217;une autorit\u00e9 de contr\u00f4le. Nous n&#8217;avons pas recours \u00e0 la prise de d\u00e9cision automatis\u00e9e ni au profilage.&nbsp;<\/p>\n\n\n\n<p>Quelles sont les donn\u00e9es personnelles que nous collectons et pourquoi nous les collectons ?<\/p>\n\n\n\n<p><strong>Formulaire de contact :<\/strong><\/p>\n\n\n\n<p>Nous ne stockons les donn\u00e9es personnelles que dans le but de g\u00e9rer l&#8217;adh\u00e9sion.<\/p>\n\n\n\n<p>Nous ne transf\u00e9rons pas les donn\u00e9es \u00e0 des tiers et ne les utilisons pas \u00e0 des fins publicitaires.<\/p>\n\n\n\n<p><strong>Cookies<\/strong><\/p>\n\n\n\n<p>Notre site web ne g\u00e9n\u00e8re pas de cookies.<\/p>\n","protected":false},"excerpt":{"rendered":"<p>Chance for African Youth e.V. (ChAYo) Stein\u00e4cker 11 70619 Stuttgart 0711 7846838 info@chanceforafricanyouth.org L&#8217;association enregistr\u00e9e poursuit exclusivement et directement des&hellip;<\/p>\n","protected":false},"author":2,"featured_media":0,"parent":0,"menu_order":0,"comment_status":"closed","ping_status":"closed","template":"","meta":{"footnotes":""},"translation":{"provider":"WPGlobus","version":"3.0.2","language":"fr","enabled_languages":["de","gb","fr","pt"],"languages":{"de":{"title":true,"content":true,"excerpt":false},"gb":{"title":true,"content":true,"excerpt":false},"fr":{"title":true,"content":true,"excerpt":false},"pt":{"title":true,"content":true,"excerpt":false}}},"_links":{"self":[{"href":"https:\/\/www.chanceforafricanyouth.org\/fr\/wp-json\/wp\/v2\/pages\/243"}],"collection":[{"href":"https:\/\/www.chanceforafricanyouth.org\/fr\/wp-json\/wp\/v2\/pages"}],"about":[{"href":"https:\/\/www.chanceforafricanyouth.org\/fr\/wp-json\/wp\/v2\/types\/page"}],"author":[{"embeddable":true,"href":"https:\/\/www.chanceforafricanyouth.org\/fr\/wp-json\/wp\/v2\/users\/2"}],"replies":[{"embeddable":true,"href":"https:\/\/www.chanceforafricanyouth.org\/fr\/wp-json\/wp\/v2\/comments?post=243"}],"version-history":[{"count":9,"href":"https:\/\/www.chanceforafricanyouth.org\/fr\/wp-json\/wp\/v2\/pages\/243\/revisions"}],"predecessor-version":[{"id":439,"href":"https:\/\/www.chanceforafricanyouth.org\/fr\/wp-json\/wp\/v2\/pages\/243\/revisions\/439"}],"wp:attachment":[{"href":"https:\/\/www.chanceforafricanyouth.org\/fr\/wp-json\/wp\/v2\/media?parent=243"}],"curies":[{"name":"wp","href":"https:\/\/api.w.org\/{rel}","templated":true}]}}

Mentions légales et Politique de Confidentialité

<p>Chance for African Youth e.V. (ChAYo)</p>



<p>Steinäcker 11</p>



<p>70619 Stuttgart</p>



<p>0711 7846838</p>



<p><a href="mailto:info@chanceforafricanyouth.org" data-type="mailto" data-id="mailto:info@chanceforafricanyouth.org">info@chanceforafricanyouth.org</a></p>



<p>L&#8217;association enregistrée poursuit exclusivement et directement des buts non lucratifs au sens de la section &#8220;buts fiscalement privilégiés&#8221; de l&#8217;ordonnance fiscale (§§51 et suivants AO).</p>



<p>Tribunal d&#8217;enregistrement : Amtsgericht Stuttgart</p>



<p>VR : 724283</p>



<p>Conseil d&#8217;administration : chaque membre du conseil d&#8217;administration est individuellement autorisé à représenter l&#8217;association.</p>



<p>Olatunde Sadiq &#8211; Président</p>



<p>Helgard Ziegler &#8211; Trésorière</p>



<p>Susanne Haller-Sadiq &#8211; Secrétaire</p>



<p></p>



<p></p>



<p><strong>Politique de Confidentialité</strong></p>



<p>Nous souhaitons vous informer de la manière dont nous protégeons vos données lorsque vous visitez le site chanceforafricanyouth.org&#8221;. Dans la mesure où il est fait référence au GDPR, ces droits ne s&#8217;appliquent que pour la période du 24.05.2018</p>



<p>LORSQUE VOUS ACCÉDEZ AU SITE WEB :</p>



<p><a href="http://www.chanceforafricanyouth.org" data-type="URL" data-id="www.chanceforafricanyouth.org">www.chanceforafricanyouth.org</a></p>



<p>Les données sont traitées dans le but de pouvoir vous présenter le contenu du site web. Le traitement des données concernées est licite car il est nécessaire aux fins d&#8217;intérêts légitimes conformément à l&#8217;art. 6 para. f GDPR et requis afin de prendre des mesures à votre demande avant de conclure un contrat conformément à l&#8217;art. 6 para. b GDPR. Le traitement des données répond aux exigences de l&#8217;art. 6 para. f GDPR en raison du fait que des tiers doivent être impliqués dans la transmission des données via le site Web (fournisseurs de services Internet), par téléphone (fournisseur de services téléphoniques), par courriel (fournisseurs de services Internet pendant le transit du courriel et fournisseurs de comptes de messagerie) et par lettre (entreprises postales). Sans l&#8217;intervention de tiers, il n&#8217;est pas possible de présenter le contenu dans votre navigateur Internet. L&#8217;intervention de tiers est limitée à ceux qui sont directement impliqués dans le processus de communication. Vous disposez d&#8217;un droit d&#8217;accès, de rectification, de suppression, de restriction et de portabilité des données. Vous avez le droit de déposer une plainte auprès d&#8217;une autorité de contrôle. Nous n&#8217;avons pas recours à la prise de décision automatisée ni au profilage.&nbsp;</p>



<p>Quelles sont les données personnelles que nous collectons et pourquoi nous les collectons ?</p>



<p><strong>Formulaire de contact :</strong></p>



<p>Nous ne stockons les données personnelles que dans le but de gérer l&#8217;adhésion.</p>



<p>Nous ne transférons pas les données à des tiers et ne les utilisons pas à des fins publicitaires.</p>



<p><strong>Cookies</strong></p>



<p>Notre site web ne génère pas de cookies.</p>

<p>Chance for African Youth e.V. (ChAYo) Steinäcker 11 70619 Stuttgart 0711 7846838 info@chanceforafricanyouth.org L&#8217;association enregistrée poursuit exclusivement et directement des&hellip;</p>
